{"id":564,"date":"2019-09-04T00:52:58","date_gmt":"2019-09-04T00:52:58","guid":{"rendered":"https:\/\/www.nhseal.com.mx\/?page_id=564"},"modified":"2019-09-29T04:31:01","modified_gmt":"2019-09-29T04:31:01","slug":"retenes","status":"publish","type":"page","link":"https:\/\/www.nhseal.com.mx\/?page_id=564","title":{"rendered":"Retenes"},"content":{"rendered":"\n<ul class=\"wp-block-list\"><li>Recubiertos, Met\u00e1licos, Tapados, Alta presi\u00f3n, Especiales.<\/li><\/ul>\n\n\n\n<ul class=\"wp-block-gallery columns-3 is-cropped wp-block-gallery-1 is-layout-flex wp-block-gallery-is-layout-flex\"><li class=\"blocks-gallery-item\"><figure><img loading=\"lazy\" decoding=\"async\" width=\"350\" height=\"223\" src=\"https:\/\/www.nhseal.com.mx\/wp-content\/uploads\/2019\/09\/RET3.jpg\" alt=\"\" data-id=\"1052\" data-link=\"https:\/\/www.nhseal.com.mx\/?attachment_id=1052\" class=\"wp-image-1052\" srcset=\"https:\/\/www.nhseal.com.mx\/wp-content\/uploads\/2019\/09\/RET3.jpg 350w, https:\/\/www.nhseal.com.mx\/wp-content\/uploads\/2019\/09\/RET3-300x191.jpg 300w\" sizes=\"auto, (max-width: 350px) 100vw, 350px\" \/><\/figure><\/li><li class=\"blocks-gallery-item\"><figure><img loading=\"lazy\" decoding=\"async\" width=\"1024\" height=\"581\" src=\"https:\/\/www.nhseal.com.mx\/wp-content\/uploads\/2019\/09\/Reten-Metalico-PTFE-Bisulfuro-1024x581.png\" alt=\"\" data-id=\"1056\" data-link=\"https:\/\/www.nhseal.com.mx\/?attachment_id=1056\" class=\"wp-image-1056\" srcset=\"https:\/\/www.nhseal.com.mx\/wp-content\/uploads\/2019\/09\/Reten-Metalico-PTFE-Bisulfuro-1024x581.png 1024w, https:\/\/www.nhseal.com.mx\/wp-content\/uploads\/2019\/09\/Reten-Metalico-PTFE-Bisulfuro-300x170.png 300w, https:\/\/www.nhseal.com.mx\/wp-content\/uploads\/2019\/09\/Reten-Metalico-PTFE-Bisulfuro-768x436.png 768w, https:\/\/www.nhseal.com.mx\/wp-content\/uploads\/2019\/09\/Reten-Metalico-PTFE-Bisulfuro.png 1818w\" sizes=\"auto, (max-width: 1024px) 100vw, 1024px\" \/><\/figure><\/li><li class=\"blocks-gallery-item\"><figure><img loading=\"lazy\" decoding=\"async\" width=\"1024\" height=\"550\" src=\"https:\/\/www.nhseal.com.mx\/wp-content\/uploads\/2019\/09\/Reten-Vit\u00f3n-1024x550.png\" alt=\"\" data-id=\"1058\" data-link=\"https:\/\/www.nhseal.com.mx\/?attachment_id=1058\" class=\"wp-image-1058\" srcset=\"https:\/\/www.nhseal.com.mx\/wp-content\/uploads\/2019\/09\/Reten-Vit\u00f3n-1024x550.png 1024w, https:\/\/www.nhseal.com.mx\/wp-content\/uploads\/2019\/09\/Reten-Vit\u00f3n-300x161.png 300w, https:\/\/www.nhseal.com.mx\/wp-content\/uploads\/2019\/09\/Reten-Vit\u00f3n-768x413.png 768w, https:\/\/www.nhseal.com.mx\/wp-content\/uploads\/2019\/09\/Reten-Vit\u00f3n.png 1904w\" sizes=\"auto, (max-width: 1024px) 100vw, 1024px\" \/><\/figure><\/li><\/ul>\n\n\n\n<p class=\"has-huge-font-size\"><strong>Materiales&nbsp;<\/strong><\/p>\n\n\n\n<ul class=\"wp-block-list\"><li>Nitrilo (NBR)<\/li><li>Silic\u00f3n<\/li><li>Viton<\/li><li>Poliuretano<\/li><li>Tefl\u00f3n + Bisulfuro<\/li><\/ul>\n","protected":false},"excerpt":{"rendered":"<p>Recubiertos, Met\u00e1licos, Tapados, Alta presi\u00f3n, Especiales. Materiales&nbsp; Nitrilo (NBR) Silic\u00f3n Viton Poliuretano Tefl\u00f3n + Bisulfuro<\/p>\n","protected":false},"author":1,"featured_media":0,"parent":0,"menu_order":0,"comment_status":"closed","ping_status":"closed","template":"","meta":{"footnotes":""},"class_list":["post-564","page","type-page","status-publish","hentry"],"_links":{"self":[{"href":"https:\/\/www.nhseal.com.mx\/index.php?rest_route=\/wp\/v2\/pages\/564","targetHints":{"allow":["GET"]}}],"collection":[{"href":"https:\/\/www.nhseal.com.mx\/index.php?rest_route=\/wp\/v2\/pages"}],"about":[{"href":"https:\/\/www.nhseal.com.mx\/index.php?rest_route=\/wp\/v2\/types\/page"}],"author":[{"embeddable":true,"href":"https:\/\/www.nhseal.com.mx\/index.php?rest_route=\/wp\/v2\/users\/1"}],"replies":[{"embeddable":true,"href":"https:\/\/www.nhseal.com.mx\/index.php?rest_route=%2Fwp%2Fv2%2Fcomments&post=564"}],"version-history":[{"count":11,"href":"https:\/\/www.nhseal.com.mx\/index.php?rest_route=\/wp\/v2\/pages\/564\/revisions"}],"predecessor-version":[{"id":1075,"href":"https:\/\/www.nhseal.com.mx\/index.php?rest_route=\/wp\/v2\/pages\/564\/revisions\/1075"}],"wp:attachment":[{"href":"https:\/\/www.nhseal.com.mx\/index.php?rest_route=%2Fwp%2Fv2%2Fmedia&parent=564"}],"curies":[{"name":"wp","href":"https:\/\/api.w.org\/{rel}","templated":true}]}}