{"id":696,"date":"2019-09-07T04:56:56","date_gmt":"2019-09-07T04:56:56","guid":{"rendered":"https:\/\/www.nhseal.com.mx\/?page_id=696"},"modified":"2021-08-27T00:30:17","modified_gmt":"2021-08-27T00:30:17","slug":"materiales","status":"publish","type":"page","link":"https:\/\/www.nhseal.com.mx\/?page_id=696","title":{"rendered":"Materiales"},"content":{"rendered":"\n<figure class=\"wp-block-gallery columns-3 is-cropped wp-block-gallery-1 is-layout-flex wp-block-gallery-is-layout-flex\"><ul class=\"blocks-gallery-grid\"><li class=\"blocks-gallery-item\"><figure><img loading=\"lazy\" decoding=\"async\" width=\"1024\" height=\"660\" src=\"https:\/\/www.nhseal.com.mx\/wp-content\/uploads\/2020\/04\/Buna-N-1024x660.jpg\" alt=\"\" data-id=\"1237\" data-link=\"https:\/\/www.nhseal.com.mx\/?attachment_id=1237\" class=\"wp-image-1237\" srcset=\"https:\/\/www.nhseal.com.mx\/wp-content\/uploads\/2020\/04\/Buna-N-1024x660.jpg 1024w, https:\/\/www.nhseal.com.mx\/wp-content\/uploads\/2020\/04\/Buna-N-300x193.jpg 300w, https:\/\/www.nhseal.com.mx\/wp-content\/uploads\/2020\/04\/Buna-N-768x495.jpg 768w, https:\/\/www.nhseal.com.mx\/wp-content\/uploads\/2020\/04\/Buna-N-1536x990.jpg 1536w, https:\/\/www.nhseal.com.mx\/wp-content\/uploads\/2020\/04\/Buna-N-2048x1321.jpg 2048w\" sizes=\"auto, (max-width: 1024px) 100vw, 1024px\" \/><\/figure><\/li><li class=\"blocks-gallery-item\"><figure><img loading=\"lazy\" decoding=\"async\" width=\"666\" height=\"500\" src=\"https:\/\/www.nhseal.com.mx\/wp-content\/uploads\/2020\/04\/rodillo-en-poliuretano.jpg\" alt=\"\" data-id=\"1239\" data-full-url=\"https:\/\/www.nhseal.com.mx\/wp-content\/uploads\/2020\/04\/rodillo-en-poliuretano.jpg\" data-link=\"https:\/\/www.nhseal.com.mx\/?attachment_id=1239\" class=\"wp-image-1239\" srcset=\"https:\/\/www.nhseal.com.mx\/wp-content\/uploads\/2020\/04\/rodillo-en-poliuretano.jpg 666w, https:\/\/www.nhseal.com.mx\/wp-content\/uploads\/2020\/04\/rodillo-en-poliuretano-300x225.jpg 300w\" sizes=\"auto, (max-width: 666px) 100vw, 666px\" \/><\/figure><\/li><li class=\"blocks-gallery-item\"><figure><img loading=\"lazy\" decoding=\"async\" width=\"1024\" height=\"576\" src=\"https:\/\/www.nhseal.com.mx\/wp-content\/uploads\/2020\/04\/20190922_152843-1024x576.jpg\" alt=\"\" data-id=\"1238\" data-link=\"https:\/\/www.nhseal.com.mx\/?attachment_id=1238\" class=\"wp-image-1238\" srcset=\"https:\/\/www.nhseal.com.mx\/wp-content\/uploads\/2020\/04\/20190922_152843-1024x576.jpg 1024w, https:\/\/www.nhseal.com.mx\/wp-content\/uploads\/2020\/04\/20190922_152843-300x169.jpg 300w, https:\/\/www.nhseal.com.mx\/wp-content\/uploads\/2020\/04\/20190922_152843-768x432.jpg 768w, https:\/\/www.nhseal.com.mx\/wp-content\/uploads\/2020\/04\/20190922_152843-1536x864.jpg 1536w, https:\/\/www.nhseal.com.mx\/wp-content\/uploads\/2020\/04\/20190922_152843-2048x1152.jpg 2048w\" sizes=\"auto, (max-width: 1024px) 100vw, 1024px\" \/><\/figure><\/li><\/ul><\/figure>\n\n\n\n<p><strong>Algunos materiales empleados en nuestros procesos de producci\u00f3n son:<\/strong><\/p>\n\n\n\n<p><strong>Elastomeros:<\/strong> Neopreno, Nitrilo (NBR), EPDM, Nitrilo Hidrogenado (HNBR), Hypalon, Silic\u00f3n, Viton, Poliuretano.<\/p>\n\n\n\n<p><strong>Plasticos de Ingenier\u00eda:<\/strong> Nylamid M, Nylamid SL, Nylamid XL, Nylamid 901, Acetal blanco, Acetal negro.<\/p>\n\n\n\n<p><strong>Teflon (PTFE):<\/strong> Blanco, Teflon con bronce, Grafito, Bisulfuro, Fibra de vidrio.<\/p>\n\n\n\n<p><strong>Otros materiales:<\/strong> Celor\u00f3n, lona tramada, Bronce, Aluminio, Acero Inoxidable.<\/p>\n\n\n\n<p> <\/p>\n\n\n\n<p><\/p>\n","protected":false},"excerpt":{"rendered":"<p>Algunos materiales empleados en nuestros procesos de producci\u00f3n son: Elastomeros: Neopreno, Nitrilo (NBR), EPDM, Nitrilo Hidrogenado (HNBR), Hypalon, Silic\u00f3n, Viton, Poliuretano. Plasticos de Ingenier\u00eda: Nylamid M, Nylamid SL, Nylamid XL, Nylamid 901, Acetal blanco, Acetal negro. Teflon (PTFE): Blanco, Teflon con bronce, Grafito, Bisulfuro, Fibra de vidrio. Otros materiales: Celor\u00f3n, lona tramada, Bronce, Aluminio, Acero&hellip;<\/p>\n","protected":false},"author":1,"featured_media":0,"parent":0,"menu_order":0,"comment_status":"closed","ping_status":"closed","template":"","meta":{"footnotes":""},"class_list":["post-696","page","type-page","status-publish","hentry"],"_links":{"self":[{"href":"https:\/\/www.nhseal.com.mx\/index.php?rest_route=\/wp\/v2\/pages\/696","targetHints":{"allow":["GET"]}}],"collection":[{"href":"https:\/\/www.nhseal.com.mx\/index.php?rest_route=\/wp\/v2\/pages"}],"about":[{"href":"https:\/\/www.nhseal.com.mx\/index.php?rest_route=\/wp\/v2\/types\/page"}],"author":[{"embeddable":true,"href":"https:\/\/www.nhseal.com.mx\/index.php?rest_route=\/wp\/v2\/users\/1"}],"replies":[{"embeddable":true,"href":"https:\/\/www.nhseal.com.mx\/index.php?rest_route=%2Fwp%2Fv2%2Fcomments&post=696"}],"version-history":[{"count":35,"href":"https:\/\/www.nhseal.com.mx\/index.php?rest_route=\/wp\/v2\/pages\/696\/revisions"}],"predecessor-version":[{"id":1360,"href":"https:\/\/www.nhseal.com.mx\/index.php?rest_route=\/wp\/v2\/pages\/696\/revisions\/1360"}],"wp:attachment":[{"href":"https:\/\/www.nhseal.com.mx\/index.php?rest_route=%2Fwp%2Fv2%2Fmedia&parent=696"}],"curies":[{"name":"wp","href":"https:\/\/api.w.org\/{rel}","templated":true}]}}